rmine g(5).
-42
Let p(o) = 14*o**3 - 964*o**2 - 138*o + 321. Give p(69).
321
Let k(w) = 89*w**2 + 1375*w + 581. Determine k(-15).
-19
Let z(t) = -t**2 - 10*t + 1146. Calculate z(29).
15
Let p(r) = -523*r - 116583. What is p(-223)?
46
Let q(u) = -216*u - 12628. Determine q(-58).
-100
Let j(o) = -2*o**2 + 355*o - 1087. Determine j(174).
131
Let q(b) = 45*b**3 - 34*b**2 + 82*b - 341. What is q(4)?
2323
Let y(s) = -702*s - 8443. Determine y(-12).
-19
Let v(m) = -2*m**3 + 67*m**2 + 67*m - 1112. Calculate v(34).
10
Let p(y) = -254*y**2 - 7922*y - 1478. Calculate p(-31).
10
Let n(y) = -3*y**3 - 26*y**2 - 238*y - 1615. Calculate n(-7).
-194
Let t(h) = h**3 - 65*h**2 + 98*h + 1742. What is t(63)?
-22
Let h(q) = 5519*q - 45422. Calculate h(8).
-1270
Let m(k) = 2*k**2 + 29*k + 36. Calculate m(-21).
309
Let h(f) = 1304*f + 228047. What is h(-175)?
-153
Let m(w) = 11411*w + 80530. Determine m(-7).
653
Let r(t) = -1628*t**2 - 9*t + 10. Determine r(1).
-1627
Let s(j) = -983931*j - 2951788. Calculate s(-3).
5
Let x(v) = -529*v - 10546. What is x(-20)?
34
Let a(c) = 20*c**2 - 79*c + 577. Give a(9).
1486
Let u(a) = -a**3 + a**2 - 692*a + 1392. Calculate u(2).
4
Let m(q) = -2*q**3 + 22*q**2 - 11*q - 53. Calculate m(5).
192
Let w(r) = -436*r - 260993. Determine w(-599).
171
Let g(n) = 32*n**3 - 1784*n - 3558. Determine g(-2).
-246
Let j(m) = -85*m**3 - 5*m**2 - 1222*m - 2437. Determine j(-2).
667
Let u(r) = -360*r - 75966. Calculate u(-211).
-6
Let o(y) = y**3 - 1386*y**2 + 321103*y - 16171. Give o(294).
-1
Let r(y) = 11660*y - 58783. What is r(5)?
-483
Let j(k) = k**3 + 29*k**2 - 12221*k + 108. Determine j(-126).
-18
Let h(c) = -13957*c + 655990. Determine h(47).
11
Let n(b) = 186*b**2 - 11024*b + 2943. What is n(59)?
-7
Let t(m) = 184*m - 11907. What is t(72)?
1341
Let h(r) = 5*r**2 - 618*r + 16442. What is h(85)?
37
Let g(d) = -5983*d + 11538. What is g(2)?
-428
Let q(k) = -4*k**3 + 551*k**2 - 3295*k + 794. Calculate q(6).
-4
Let z(r) = -r**2 - 127*r + 8534. What is z(-175)?
134
Let r(g) = -2*g**3 - 28*g**2 + 367*g + 5074. What is r(-15)?
19
Let u(o) = -16*o**3 + 284*o**2 - 24*o + 76. Determine u(18).
-1652
Let x(g) = 118*g**2 - 1223*g - 841. Determine x(11).
-16
Let b(d) = -1651*d + 57534. Give b(36).
-1902
Let i(v) = -v**2 - 6*v + 2644. Give i(-48).
628
Let k(r) = -11073*r - 1716315. What is k(-155)?
0
Let x(n) = -146*n + 10490. What is x(70)?
270
Let c(w) = -23*w**2 + 3654*w - 14194. What is c(4)?
54
Let s(d) = d**3 + 9*d**2 + 42786*d + 385071. Give s(-9).
-3
Let w(o) = -o**3 - 92*o**2 + 3589*o - 6410. Calculate w(28).
2
Let r(q) = -q**3 + 8*q**2 - 14*q + 46. What is r(6)?
34
Let u(n) = -225642*n + 1579419. Calculate u(7).
-75
Let w(l) = -l**3 - 172*l**2 + 4478*l - 34. Determine w(23).
-195
Let b(k) = 465*k**2 - 5550*k + 79. Give b(12).
439
Let d(i) = -147*i - 2866. Calculate d(-27).
1103
Let n(t) = -15784*t - 315676. Determine n(-20).
4
Let h(k) = -22126*k - 42522. What is h(-2)?
1730
Let o(k) = 7385*k - 214168. What is o(29)?
-3
Let z(q) = 3*q**3 - q**2 - 21*q - 21. Give z(5).
224
Let d(f) = -f**2 + 8128*f - 810739. Give d(101).
-12
Let y(t) = -10*t**3 + 2*t**2 + 5*t - 24. What is y(5)?
-1199
Let b(a) = a**3 - 9693*a**2 + 164489*a + 55. Give b(17).
4
Let x(i) = -i**2 + 2040*i + 34985. What is x(-17)?
16
Let v(j) = -32*j**2 + 2550*j - 41357. What is v(57)?
25
Let x(j) = -j**2 - 178634*j + 1429141. Calculate x(8).
5
Let t(n) = 34*n**2 - 14275*n + 12139. What is t(419)?
-12
Let z(c) = -133201*c - 932874. Calculate z(-7).
-467
Let q(h) = 46*h**2 + 6773*h - 5175. What is q(-148)?
5
Let v(d) = -d**2 - 404*d - 25022. Determine v(-76).
-94
Let n(y) = -94*y**2 - 14393*y - 440. Calculate n(-153).
1243
Let k(y) = 330*y - 13814. What is k(42)?
46
Let j(q) = -4*q**3 - 186*q**2 - 131*q - 1818. Give j(-46).
-24
Let b(p) = -13*p**2 + 442*p - 2183. Calculate b(28).
1
Let q(b) = 37*b**3 + b**2 + 468*b + 2165. Give q(-5).
-4775
Let z(w) = 2*w**3 + 58*w**2 + 355*w - 77. Determine z(-20).
23
Let g(n) = -2*n**3 - 153*n**2 - 381*n - 562. Calculate g(-74).
252
Let f(g) = 5*g**2 - 34*g + 225. Calculate f(0).
225
Let l(t) = 3*t**2 - 303*t - 3266. Determine l(-10).
64
Let l(n) = 1992*n - 21704. Calculate l(11).
208
Let x(r) = -3*r**3 + 516*r**2 - 524*r + 1307. Determine x(171).
-574
Let p(h) = -102*h**2 + 799*h + 149. Give p(8).
13
Let u(g) = 41582*g - 41586. Determine u(1).
-4
Let n(t) = 9688*t + 1288499. Give n(-133).
-5
Let h(u) = u**2 + 119*u - 15897. Calculate h(80).
23
Let a(m) = -2*m**3 - 191*m**2 + 265*m + 34213. Give a(-95).
13
Let r(y) = 1234*y + 39579. Determine r(-32).
91
Let k(y) = y**3 - 218*y**2 + 10629*y - 28218. What is k(147)?
6
Let x(k) = 383*k**3 - 90*k**2 + 89*k + 2. Determine x(1).
384
Let r(h) = -35*h**3 + h**2 - 28*h + 63. Calculate r(2).
-269
Let m(v) = v**3 - 67*v**2 - 1434*v + 8756. Calculate m(83).
-42
Let q(n) = -2*n**3 + 19*n**2 - 44*n + 33. Calculate q(2).
5
Let w(m) = 3*m**2 - 32721*m + 196221. Give w(6).
3
Let z(h) = -h**3 + 5*h**2 - 18258*h + 54748. What is z(3)?
-8
Let o(j) = 14*j**2 + 9580*j - 28864. What is o(3)?
2
Let o(n) = n**2 + 521*n + 67432. What is o(-240)?
-8
Let a(v) = 33*v**3 + 524*v**2 + 10*v - 349. Determine a(-16).
-1533
Let b(m) = 4*m**3 - 4*m**2 - 22*m + 27. Calculate b(-5).
-463
Let g(h) = -485*h - 76632. What is g(-158)?
-2
Let x(k) = -3*k**3 + 74*k**2 + 306*k + 188. Determine x(-3).
17
Let y(d) = -359*d + 24048. Calculate y(67).
-5
Let n(f) = -106367*f + 1595507. Determine n(15).
2
Let v(f) = f**2 - 18*f + 154. Determine v(6).
82
Let q(j) = -44845*j - 14081362. What is q(-314)?
-32
Let z(q) = 4*q**3 + 137*q**2 + 11*q - 692. What is z(-34)?
90
Let f(q) = -556294*q + 556293. Determine f(1).
-1
Let s(r) = -4344*r**2 + 13027*r + 16. What is s(3)?
1
Let h(m) = 11914*m - 3109569. Determine h(261).
-15
Let d(n) = -n**2 + 1966*n + 17756. Calculate d(-9).
-19
Let y(n) = 1069*n - 4717. Give y(4).
-441
Let k(d) = -8*d**2 + 1614*d - 22083. Calculate k(187).
-17
Let o(b) = -179*b**2 + 111*b - 4. Determine o(1).
-72
Let c(j) = -2*j**2 + 242*j - 741. Determine c(118).
-33
Let o(f) = -530*f - 3566. Give o(-6).
-386
Let n(f) = 44*f**2 + 991*f - 84. What is n(-23)?
399
Let f(o) = 3*o**3 + 268*o**2 + 6*o + 31. Calculate f(0).
31
Let m(s) = 2*s**2 - 27*s + 299. What is m(13)?
286
Let g(s) = -2*s**2 - 21231*s - 169723. Give g(-8).
-3
Let c(o) = 13*o**3 + 496*o**2 + 382*o + 11616. What is c(-38)?
-12
Let s(b) = b**3 - 263*b**2 + 13883*b - 944. Give s(73).
5
Let v(o) = -11*o**3 + 2663*o**2 - 238*o - 952. Calculate v(242).
16
Let n(b) = -6*b**2 - 330*b + 686. Give n(-57).
2
Let r(n) = 4*n**3 + 65*n**2 + 996*n + 15644. Calculate r(-16).
-36
Let x(f) = 20*f**3 - 1162*f**2 + 114*f + 2. Determine x(58).
-114
Let d(s) = -14*s**2 - 1367*s + 2725. Calculate d(2).
-65
Let d(c) = -c**3 + 212*c**2 - 9792*c - 15. What is d(68)?
-15
Let n(u) = u**3 + 82*u**2 + 1391*u + 190. Calculate n(-58).
248
Let f(s) = -2*s**3 - 65*s**2 - 598*s - 18116. Determine f(-32).
-4
Let q(w) = -w**3 + 264*w**2 + 1279*w + 17758. Calculate q(269).
4
Let i(c) = 19540*c - 1719520. Give i(88).
0
Let m(c) = 166*c**2 + 3833*c + 218. Determine m(-23).
-127
Let t(u) = 2502*u - 272728. Calculate t(109).
-10
Let p(j) = j**2 - 323*j + 10618. Calculate p(39).
-458
Let b(t) = 14*t**3 - 91*t**2 - 49*t + 216. Calculate b(6).
-330
Let x(o) = -o**3 + 382*o**2 + 759*o + 3667. What is x(384)?
211
Let y(s) = -995*s - 345360. What is y(-347)?
-95
Let h(u) = 11*u + 1258. What is h(-163)?
-535
Let f(z) = -2*z**3 + 529*z**2 + 1036*z - 45. Give f(-2).
15
Let g(w) = 656366*w + 3938200. Give g(-6).
4
Let t(o) = -1188*o**3 - 2*o**2 + 39*o - 36. Give t(1).
-1187
Let s(h) = 23*h**2 - 33*h - 33. Give s(5).
377
Let a(j) = 2*j**3 + 31*j**2 - 110*j - 95. Give a(-18).
265
Let m(b) = 6*b**3 + 78*b**2 + 58*b - 156. Calculate m(-12).
12
Let p(q) = q**2 - 589321*q - 3535968. Give p(-6).
-6
Let d(u) = 2074*u + 6339. What is d(-3)?
117
Let h(s) = 68446*s - 10609126. Calculate h(155).
4
Let y(j) = -j**3 + 21*j**2 - 131*j + 834. Calculate y(16).
18
Let r(x) = -10*x**2 + 203*x - 907. Determine r(12).
89
Let c(a) = 6*a**2 - 65*a - 86. Determine c(16).
410
Let h(v) = 8273*v - 132335. What is h(16)?
33
Let d(t) = -2*t**2 + 167*t + 3592. What is d(100)?
292
Let l(w) = -7*w**2 + 946*w - 4517. Give l(131).
-718
Let b(j) = -j**2 +